 75. What is the tens digit of w?
1
Let z = 193 - 96. Let f = -34 + z. What is the tens digit of f?
6
Suppose -8 = -4*b + 4*v, 3*b - 18 = -2*b + v. Suppose 5*x - 4*z = 32, b*z = 4*x - 3 - 21. What is the units digit of (-6)/x*288/(-4)?
4
Suppose 0 = 366*g - 375*g + 11646. What is the units digit of g?
4
Let c(l) be the second derivative of -5*l**3/6 + l**2/2 - l. What is the tens digit of c(-4)?
2
Let u = -55 + 66. Let m = u + 1. What is the units digit of m?
2
Let r = 7 - 7. Suppose -21 = 3*h - 4*a, r*h = -h + 5*a - 7. What is the units digit of 276/7 - (-3)/h?
9
Let r(z) = z**3 - 5*z**2 - z + 1. Let n be r(5). Let t(y) = y**3 + 5*y**2 - 3*y - 4. Let p be t(n). What is the units digit of (22/4)/(4/p)?
3
Let l = 259 + -199. What is the units digit of l?
0
Let l(g) = 62*g**2 - 13*g - 4. Let o be l(4). Suppose -75*p + o = -69*p. What is the units digit of p?
6
Suppose -3*d = 5*q - 3458, 2*d + 602 - 4059 = -5*q. What is the hundreds digit of q?
6
Let o(f) = -f**2 - 9*f + 12. Let c be o(-10). Let b(t) = 8 + 3*t**2 + t**c - 3*t**2 - 9*t + 2*t. What is the units digit of b(7)?
8
What is the hundreds digit of (-379)/(-1)*(-9)/(-54)*6?
3
Let z(o) = -o**3 + 6*o**2 + 7*o. Let m be z(7). Suppose m*a - 180 = -4*a. What is the units digit of a - (-1 + 3 + 1)?
2
Let h(s) = s**3 - 6*s**2 - 2*s - 5. Let v be h(3). Let y = 109 - v. What is the hundreds digit of y?
1
Suppose -3 = -w - 0. Let v be -3*w/(-9) - 75. Let t = -41 - v. What is the units digit of t?
3
Let l(u) = 193*u**2 + 30*u + 135. What is the units digit of l(-4)?
3
Let t = 2132 + -1006. What is the tens digit of t?
2
Suppose 797 = -5*i + 3227. What is the tens digit of i?
8
Suppose -s - r = -38 + 12, 5*s - 126 = -4*r. Suppose -27*w + s*w = -965. What is the hundreds digit of w?
1
Suppose -i + 102 + 172 = 0. What is the tens digit of i?
7
Suppose -5*f + 16 = -39. Let j = 18 - f. What is the units digit of j?
7
Let z = 32 - 29. Suppose z*y + y = 2*o - 80, 3*o + 4*y - 110 = 0. What is the units digit of o?
8
Let n = -875 + 2530. What is the units digit of n?
5
Suppose -w + 42 = -5*z, 5*w + 0*z = 3*z + 166. Suppose 3*m - 15 = 0, m - 5*m + w = u. Suppose u*r + 81 = 15*r. What is the units digit of r?
7
Let c(d) = d**3 + d**2 + 20. Let q = -23 - -23. What is the tens digit of c(q)?
2
Suppose 3*l - l = 20. Let a(z) = 0*z + 10 - 5 + 4*z + l. What is the tens digit of a(12)?
6
Suppose 0 = -r + 6*r - 295. Suppose -w + 0*w + r = 0. What is the units digit of w?
9
Suppose 2*y - 122 + 22 = 0. Suppose x - 3 = y. What is the units digit of x?
3
Suppose 2*u = 6*i - 2*i - 136, -3*i = -4*u - 112. What is the tens digit of i?
3
Let o(f) = 10*f**2 - 42*f - 10. What is the units digit of o(7)?
6
Let b = 78 + -81. Let u(z) = z**3 + 11*z**2 + 4*z. What is the units digit of u(b)?
0
Suppose -2*g = 2*r - 1066, 4*g - 1597 = -2*r - r. What is the hundreds digit of r?
5
Suppose -2*s + 20 = 2*s. Suppose s*o - o - 448 = 0. Suppose -2*x = -o + 20. What is the tens digit of x?
4
What is the thousands digit of 3378 - 34 - (1 + -1)?
3
Let z(b) = -b - 5*b**3 - 71 - 18*b**2 + 53 + 4*b**3. Let t be z(-18). Suppose t*r + 90 = 3*r. What is the tens digit of r?
3
Suppose 4 + 6 = 2*x. Let v(t) = t + 7*t + 7 - 8 + 4*t. What is the tens digit of v(x)?
5
Suppose -2*g + 26 = 4*y, 0 = -3*y + y + 5*g - 5. Suppose r = -2*i + 93, 2*r + 185 = 4*r + y*i. What is the units digit of r?
5
Let q(g) be the first derivative of -35*g**2/2 + 5*g + 14. What is the units digit of q(-2)?
5
Suppose q + 6778 = 3*t, 5*q = -35 + 15. What is the tens digit of t?
5
Let m(f) = -f**2 + 17*f + 20. Let n be m(18). Suppose -n*c + 360 = 2*c. Suppose 2*r + 5*w - 55 = -10, 2*r - 4*w = c. What is the tens digit of r?
3
Let b = -5 - -1. Let z be 17/(b + (-27)/(-6)). What is the units digit of (z + 0 - -1)*1?
5
Suppose -4*x + 5*x - q = 389, 0 = -4*x + q + 1550. What is the tens digit of x?
8
Let q(i) = 58*i**2 - 57*i - 411. What is the units digit of q(-9)?
0
Let f = -404 - -748. What is the hundreds digit of f?
3
Let d = 1165 + -610. What is the hundreds digit of d?
5
Let v(i) = -i**3 + 24*i**2 - 18*i - 24. What is the tens digit of v(21)?
2
Let u(r) = 25 + 4 - 47 + 6*r. Let p be 9/(-6)*(-8)/3. What is the units digit of u(p)?
6
Suppose 16*i - 21*i = 65. What is the units digit of 0 - 0 - (i + 8)?
5
Suppose 4*w = -2*h + 524, -5*w = 4*h - 6*h - 637. Suppose 5*v - 2*c - 401 = 0, 40 - w = -v - 4*c. What is the units digit of v?
1
Let a = -246 + 538. What is the hundreds digit of a?
2
Let m be -1*2*(-8)/2. Let v be (6/(-6) - 0)*-2. Suppose -v - m = -k. What is the units digit of k?
0
Suppose -5*r = -5*j - 98 - 187, j + r = -55. What is the hundreds digit of 16/j + 2160/14 + 2?
1
Let r(u) = 3*u**3 - 2*u**2 + 4*u - 2. Let b be r(6). Suppose -j = j - b. What is the units digit of j?
9
Let t = 4 - -12. Suppose 0 = -t*q + 5*q + 198. What is the units digit of q?
8
Let f = -367 + 964. What is the units digit of f?
7
Let y(z) = 11*z + 22. Suppose -45 = -4*c - 9. What is the tens digit of y(c)?
2
Let f = -62 + 292. What is the hundreds digit of f?
2
Suppose -2*o = 5*t + 7, t + 27 = -4*t + 3*o. Let g = 3 - t. What is the units digit of g?
6
Suppose -3*m = -195 - 264. What is the units digit of m?
3
Suppose -5*o = 3*j - 2*j - 15, -o = 2*j - 12. Let s(h) = -10*h + 7. Let r(z) = 5*z - 4. Let y(l) = -5*r(l) - 3*s(l). What is the tens digit of y(j)?
2
Let q be 1 - -1*(-16 - 2). Let p = -484 - -470. Let u = p - q. What is the units digit of u?
3
What is the hundreds digit of (-10610)/(-18) - (-68)/(-153)?
5
Let v = -29 + 55. Suppose -g = -v + 2. What is the units digit of (g/(-28))/(6/(-28))?
4
Let t(d) = 14*d - 2. Let r(c) = -c - 1. Let l(s) = 12*r(s) + 2*t(s). What is the tens digit of l(5)?
6
Let b = 2 + 0. Suppose -131 = -b*l + 149. What is the units digit of l?
0
Let t = 32 + -29. Let i(o) = 57*o - 14. What is the hundreds digit of i(t)?
1
Let o be ((-4)/6)/((-16)/264). Suppose -3*w + 13 = -o. Suppose -37 + w = -s. What is the tens digit of s?
2
Let z be (-3 - 0) + 6 + -1. Suppose c + 0*c - 188 = -z*f, f + 4*c - 80 = 0. Suppose -4*w + b = -f - 5, -w = -5*b - 49. What is the tens digit of w?
2
What is the tens digit of 29 - 31 - (-299 - (2 + -3))?
9
Let n be 21 + -21 + (1 - 3). What is the tens digit of (7/n)/(5/(-70))?
4
Let d(n) = n**2 + n - 14. Let s be d(-7). Let r = -28 + s. What is the tens digit of 55 - (-5 - (r - 2))?
5
Suppose 3*t = 5*d - 0*t - 1, 3*d + 2*t - 12 = 0. Suppose 216 = d*f + 10*f. What is the tens digit of f?
1
Let a = 6 - 8. Let w(r) = -36*r + 6. What is the tens digit of w(a)?
7
Suppose -3*r = -n + 3*n + 137, 3*n - 5*r = -158. Suppose 5*v - 235 = 5*o, 0 = -v - 0*v + 5. Let g = o - n. What is the tens digit of g?
1
Suppose -4*z - 33 = -217. What is the units digit of z?
6
Let q = -211 - -418. What is the hundreds digit of q?
2
What is the tens digit of 641 - (4 + (-4 - -3))?
3
Suppose -63*c = -80*c + 40426. What is the hundreds digit of c?
3
Let g = -220 + 225. Let b be 5 - (0 + 1*-1). Let k = g + b. What is the units digit of k?
1
Suppose 3*x - 2*c - 2757 = 0, 0 = 2*x - 5*c + 799 - 2648. What is the tens digit of x?
1
Let v(p) = 980*p + 272. What is the units digit of v(5)?
2
Let d(s) = 7*s + 3. Let n be d(-4). Let t be (-4)/(-10) - 15/n. Suppose 3*x = -l + 10 + t, 2*x - 2 = 2*l. What is the units digit of l?
2
Let t = 105 + 574. What is the units digit of t?
9
Suppose 7*v + 630 = 2*v. Let b = -107 - -304. Let k = b + v. What is the tens digit of k?
7
Suppose -4*c + 265 = -2*h - 145, 2*c + h = 207. What is the units digit of (-1 + c)*2*2/4?
2
Let f be 8 - ((-16)/(-5) + (-2)/10). Suppose 3*w - 41 = -f*q, 3*q - 10 = 5*w + 1. What is the units digit of q?
7
Let w = 3 - -4. Suppose 2*d + w - 31 = 0. Let u = -6 + d. What is the units digit of u?
6
Let t be -5 + 2 + 3 + 2. Suppose -v - i = -2*v + 167, -t*v + 354 = 3*i. What is the tens digit of v?
7
Let i(w) = 11*w**2 + 17*w - 52. What is the units digit of i(5)?
8
Suppose -5*f + 1195 = 4*p - 0*f, -905 = -3*p - 2*f. What is the units digit of p?
5
Let y = 2525 - 1940. What is the tens digit of y?
8
Let c(p) = -p**2 - 9*p. Suppose 0 = 5*u + 5*s - 7 + 62, 2*u = 4*s + 8. What is the units digit of c(u)?
8
Let v(y) = 530*y - 169. What is the units digit of v(6)?
1
Let f = 353 + -171. Suppose -10 - f = -6*r. What is the u